l**2 + 5*l - 3. Suppose 0 = -2*k + 16 - 8. Determine q(k).
-31
Suppose -2 = -4*i + 6. Let y(s) = s**2 + 2*s**2 + i - 4*s + 3*s**2 - s**3. What is y(5)?
7
Let a(y) = -y - 20 + 2*y + 20. Determine a(-2).
-2
Let w(v) be the first derivative of v**5/20 + v**4/3 - 2*v**3/3 + v**2/2 + v - 2. Let g(k) be the first derivative of w(k). Determine g(-5).
-4
Let j(h) be the second derivative of -h**6/360 - h**5/60 + h**4/24 - h**3 - 4*h. Let z(t) be the second derivative of j(t). Give z(2).
-7
Let m(l) be the third derivative of 0 + 5/24*l**4 + 0*l - 1/2*l**3 - l**2 - 1/60*l**5. Give m(3).
3
Let h(l) = l + 4. Let b be h(-3). Let d be (0 - 0 - b) + 1. Let c(r) = -3*r**2 + 3*r + 2*r**2 + d + 1. What is c(3)?
1
Let h(s) be the second derivative of -3*s**5/10 + s**4/6 - s**3/6 + 12*s - 1. What is h(1)?
-5
Let x(v) = -22*v + v**3 + 2 + 3*v**2 + 17*v - 4. Determine x(-4).
2
Let m(k) = k + 1. Let c(n) = -1. Let z(d) = -2*c(d) - m(d). Let g = -56 - -61. What is z(g)?
-4
Let q(p) = p**3 - 6*p**2 + 6*p - 2. Suppose -2*h = 5*h - 28. Calculate q(h).
-10
Let y(m) = -m**3 - m - 2. Suppose 4*g = -d - 6, 5*g + 3*d + 2 = -2. Give y(g).
8
Suppose -2 = -r - 0. Let b(p) = 11 - 20 + p + 11 + r*p. Give b(3).
11
Let s(c) = 5*c**3 - 5*c + 4. Let f(k) = -6*k**3 + 6*k - 4. Let v(h) = 6*f(h) + 7*s(h). What is v(0)?
4
Let x(a) = a. Let h(v) = -v**2 + 2*v + 1. Let l(u) = h(u) - 5*x(u). Suppose -4*o + 1 = 9. Calculate l(o).
3
Let b(h) = -h**3 + 8*h**2 - h + 10. Let j be b(8). Let m(i) = 0*i**2 + 2*i + 4*i**2 - 3*i**2 - 2. What is m(j)?
6
Let a(o) = -5*o**3 + o**2 - o. Let u = -5 - 1. Let l = -5 - u. What is a(l)?
-5
Let q(u) = u**3 + u**2 - u - 9. Let i(s) = -s**2 - s + 6. Let a be i(-3). What is q(a)?
-9
Let i = 3 - 1. Let u(d) = 1 - 3*d - 2*d**2 + i - 3*d**2 + 6*d**2. Suppose -n + 1 + 12 = 4*v, 4*v + 7 = 3*n. Give u(v).
1
Let d(t) be the first derivative of -t**6/120 + 7*t**5/60 - 5*t**4/24 - t**3/2 + 5*t**2/2 - 4. Let z(f) be the second derivative of d(f). What is z(6)?
3
Let t(b) be the third derivative of -2*b**5/15 + b**4/24 - b**2. Calculate t(1).
-7
Let r(c) = 7*c**3 - c**2 + c**3 - c - 4*c**3 + 2*c**3. Give r(-1).
-6
Let y be (1/4)/(14/336). Let a(d) = -d**3 + 6*d**2 - 4*d - 1. Determine a(y).
-25
Let d(o) be the first derivative of o**2/2 + 2*o - 28. Suppose 5*x + 4 = -6. Determine d(x).
0
Let n(r) = -13*r**2 + 17*r + 9. Let x = 14 + -25. Let b(c) = -7*c**2 + 9*c + 5. Let w(l) = x*b(l) + 6*n(l). What is w(1)?
1
Let f(l) = 3 + l + 3 - 1. Let g be f(-5). Let u be 2 + g + -9 + 6. Let c(y) = -11*y. Give c(u).
11
Suppose 4 = 2*i + 10. Let p = 12 + -8. Let t = p + i. Let x(y) = -5*y**2 - 2*y + 1. Give x(t).
-6
Let a(g) = -g**2 + 6*g - 9. Let h(l) = 2*l**2 + 13*l - 1. Let w be h(-7). Determine a(w).
-9
Let j(q) = 7*q**3 - 6*q**2 - 7*q - 4. Let c(z) = 8*z**3 - 7*z**2 - 8*z - 4. Let p(v) = 6*c(v) - 7*j(v). Give p(0).
4
Let t(m) = -9*m**2 - 7*m - 7. Let q(s) = 14*s**2 + 10*s + 11. Let b(w) = 5*q(w) + 8*t(w). What is b(-5)?
-21
Let d(j) = -j**3 + 5*j**2 + 7*j - 1. Suppose -5*m + 24 = -m. Determine d(m).
5
Let q(n) = -n**3 + n + 6*n**2 - 11 + 14 + 0*n**3 + 2*n**3. Calculate q(-6).
-3
Let t(u) = u**2 - 6*u + 6. Let a(x) = x**3 - 5*x**2 - x + 4. Suppose 15 + 3 = 3*v. Let d be a(v). Suppose 0 = 5*g - 3*o - d - 1, 2*o = -g - 6. What is t(g)?
-2
Let k(s) = -10*s**2 + 19*s + 9. Let a(i) = 3*i**2 - 6*i - 3. Let y(v) = -7*a(v) - 2*k(v). Give y(5).
-2
Let j(w) = -6*w + 1. Let g(x) = -x. Let f(i) = -5*g(i) + j(i). Calculate f(-8).
9
Let l(z) be the second derivative of -3*z**5/20 + z**4/12 - 16*z. Calculate l(-1).
4
Let p(m) = -m**2 + 12*m + 8. Let h(j) = -2*j**2 + 23*j + 15. Let o(b) = 6*h(b) - 11*p(b). Suppose -20*y + 87 + 33 = 0. Determine o(y).
2
Suppose -i = 6 - 9. Let j(t) = 4*t + 2*t + t + 2*t**2 - i*t**2. Determine j(5).
10
Suppose -n - 14 + 9 = 0. Let y(w) = -2*w**2 - 6*w + 1. Determine y(n).
-19
Let i(u) = u - 3. Let j be i(4). Let l(d) = 3*d**2 - 4*d - 3. Let w(h) = -4*h**2 + 6*h + 4. Let m(n) = 7*l(n) + 5*w(n). Determine m(j).
2
Let u(v) = 7*v. Suppose -1 = -2*q + a, -4*q - 3*a + 8 = 1. Give u(q).
7
Let l(y) = -y**3 + 2*y**2 + 2*y - 3. Let i = -15 + 15. Let j = 3 - i. Give l(j).
-6
Let b(x) = -2*x + 4 - x + 0*x + 2*x. Give b(6).
-2
Suppose -4*r + 5*t = -0*r + 25, -10 = 3*r - 2*t. Suppose r*g = -2*g + 8. Let v(w) = w**2 - 3*w + 6. Calculate v(g).
10
Let h(o) = o + 4. Suppose 0 = -3*s + 5*s + 6. Let u be 20/s + 6/9. Let l be (-2 - -4)/(u/15). Calculate h(l).
-1
Suppose -5*a + a = 0. Suppose 21 = 3*q - a*q. Suppose -10 = 2*h - q*h. Let w(f) = f**2 - 2. What is w(h)?
2
Let b(n) = n**2 - 6 + 0*n**3 + n**3 - 1. Let l(r) = -r**3 + 13. Let o be l(0). Let m = o - 13. Determine b(m).
-7
Let q(j) = -j - 2. Let v be (7 + -4)/(1/2). Suppose v - 3 = -m. What is q(m)?
1
Let i = 6 - 4. Suppose 8 = -2*l, i*l - 2 = -2*r + 4*l. Let w(x) be the third derivative of x**5/60 + x**4/4 + 2*x**3/3 + x**2. What is w(r)?
-5
Let k(b) = b + 27*b**2 - 8*b**2 - 12*b**2. What is k(1)?
8
Let f(g) = -g**3 - g**2 + 3*g - 6. Let c(z) = 1. Suppose -2*x + 2 + 0 = 0. Let s(u) = x*f(u) + 4*c(u). Determine s(2).
-8
Let a(n) = 2*n - n - 4*n. Suppose 4*g + 2*v = 14, -4*v + 23 = -3*g + 6. Calculate a(g).
-3
Let q(c) = -7*c. Let g be q(-1). Let h = -2 + g. Let j(v) = -v - 4. Let l(x) = 2*x + 9. Let r(u) = 7*j(u) + 3*l(u). Give r(h).
-6
Suppose -c - o = -5, -3*c + 5*o + 9 = 2. Let i(r) = r**3 - 1 + 3*r - r - 3*r + 3*r**2 - c*r**2. What is i(2)?
1
Suppose 5*a = f + 77, 6 = -2*a + f + 35. Suppose 4*l - a = -0*l. Suppose -10 = -l*z + 2. Let r(u) = -u**3 + 3*u**2 + 3. Give r(z).
3
Let o(k) be the third derivative of -1/60*k**5 - 7*k**2 + 0 - 7/24*k**4 + 0*k - k**3. Give o(-4).
6
Suppose 4*i + 4*v - 7 + 23 = 0, 4*v - 2 = 5*i. Let s(z) = 2*z**2 - z - 1. Give s(i).
9
Suppose 0 = -5*i + 26 + 9. Let o(u) = -2*u + 6. Give o(i).
-8
Let c(b) = -b**2 + 3 + 4 + b - 6 - 5 - b**3. Give c(0).
-4
Let c(t) be the third derivative of t**6/720 + t**5/15 + t**4/3 + 8*t**2. Let w(y) be the second derivative of c(y). What is w(0)?
8
Let n(c) = c**2 + 5*c - 6. Let k be (-20)/3 + (-24)/72. Determine n(k).
8
Let v(n) = 4*n - 3. Let q(d) = -12*d + 10. Let o(s) = 2*q(s) + 7*v(s). Let a be o(1). Let u(f) = -4 - 2*f - f**2 + f**2 + f**2. Calculate u(a).
-1
Let r(k) be the first derivative of 1/2*k**2 + 7*k + 2. Let i be r(-9). Let p(m) = m**3 + 3*m**2 + 3*m + 1. Determine p(i).
-1
Suppose -4*m + 4*q = 12 - 32, 0 = 2*m - 4*q - 16. Let h(r) be the second derivative of 1/12*r**4 - 1/2*r**m + 5/6*r**3 + 2*r + 0. Calculate h(-5).
-1
Let g(v) = -v**3 + 4*v**2 + 5*v + 2. Let a be g(5). Let f(s) = 9 - s**3 + 0*s**2 + 6*s - 3*s**2 - 4 + 8*s**a. Let i be 40/6 + (-4)/6. Determine f(i).
5
Let d(t) = t**3 + 5*t**2 + t - 11. Let z(q) = q**3 + 5*q**2 + q - 10. Let n(w) = 5*d(w) - 6*z(w). What is n(-5)?
10
Suppose -k = 3*t, -t - 2*k - 3 = 2. Let b(p) = -6*p**3 + 3*p**3 - 3*p + 5*p - 4*p**3 - 1. What is b(t)?
-6
Let z be (-2)/(-9) + 2/(-9). Let t(d) = -1. Let u(k) = -k - 5. Let p(h) = 3*t(h) - u(h). Give p(z).
2
Let c be -2 - (-2 - (-2 + 2)). Suppose -5*h + 5*w = c, 5*h - w - 2*w + 4 = 0. Let f(q) = q**2. Calculate f(h).
4
Let i(a) = -2*a**2 + 0*a + a + a**2. Suppose -30 = -5*p + x - 3*x, 0 = 2*p - 5*x + 17. Let r = 5 - p. Calculate i(r).
0
Let b be (1 + -1)*2/(-2). Let x be 0 + 1 + 5 + 1. Let r(m) = m - 3*m + x + m. Give r(b).
7
Let i(f) = 3*f**3 + 3*f**2 - 7*f + 1. Let t(x) = -x**3 + x**2 + x - 1. Let q(z) = -i(z) - 2*t(z). Calculate q(-6).
7
Let p(k) be the first derivative of 1/4*k**4 + 4/3*k**3 - k - 2*k**2 + 5. Calculate p(-5).
-6
Let o(c) = c - 4. Let i be o(4). Let f = -1 - i. Let j(l) = l + 1. What is j(f)?
0
Suppose -2*r = 3*z + 19 + 6, -2*r + 17 = -3*z. Let s(m) = -m**3 - 7*m**2 - 10. Calculate s(z).
-10
Let u be 136/20 + (-1)/(-5). Let l(n) = -2*n + 9. Calculate l(u).
-5
Suppose y + f = -0*f + 6, -4*y + 4*f - 8 = 0. Let g(q) = 0*q**3 + 5*q**y + q**2 + 6 - 5*q**2 - q**3. Give g(0).
6
Let y(d) = -d + 1. Let b(r) = 3*r - 3. Let k(i) = b(i) + 4*y(i). Calculate k(3).
-2
Let v(x) be the first derivative of x**2/2 - 12*x - 5. Give v(7).
-5
Let k(d) = -d**3 - 5*d**2 + 6*d + 3. Suppose -4*s + 5*s - 5*j + 6 = 0, 0 = -4*s + j - 24. What is k(s)?
3
Let y(r) = -r - 1. Let h(i) be the second derivative of i**3/2 + i**2/2 + 9*i. Let f(b) = -h(b) - 2*y(b). Determine f(3).
-2
L